{"id":27,"date":"2015-09-14T14:22:10","date_gmt":"2015-09-14T12:22:10","guid":{"rendered":"http:\/\/www.woidteifln.at\/\/?page_id=27"},"modified":"2021-10-12T14:42:07","modified_gmt":"2021-10-12T12:42:07","slug":"termine","status":"publish","type":"page","link":"http:\/\/www.woidteifln.at\/wordpress\/termine\/","title":{"rendered":"Termine 2021"},"content":{"rendered":"\n<h2><span style=\"color: #800000;\"><em><u><span lang=\"DE-AT\">M\u00e4rz-2021<\/span><\/u><\/em><\/span><\/h2>\n\n\n\n<h3><span lang=\"DE-AT\" style=\"color: #ffffff;\">Generalversammlung&nbsp; inkl. Vorstandswahlen<\/span><\/h3>\n\n\n\n<h2><span style=\"color: #800000;\"><em><u><span lang=\"DE-AT\">27-Nov-2021<\/span><\/u><\/em><\/span><\/h2>\n\n\n\n<h3><span lang=\"DE-AT\" style=\"color: #ffffff;\">Krampusse zum Anfassen in PFAFFING (O\u00d6)<\/span><\/h3>\n\n\n\n<h2><span style=\"color: #800000;\"><em><u><span lang=\"DE-AT\">03-Dez-2021<\/span><\/u><\/em><\/span><\/h2>\n\n\n\n<h3><span lang=\"DE-AT\" style=\"color: #ffffff;\">10. Krampuslauf in Neukirchen a.d.V\u00f6ckla (O\u00d6)<\/span><\/h3>\n\n\n\n<h2><span style=\"color: #800000;\"><em><u><span lang=\"DE-AT\">04-Dez-2021<\/span><\/u><\/em><\/span><\/h2>\n\n\n\n<h3><span lang=\"DE-AT\" style=\"color: #ffffff;\">Nikolaus &amp; Krampus im Einkaufszentrum WEBERZEILE<\/span><\/h3>\n\n\n\n<h2><span style=\"color: #800000;\"><em><u><span lang=\"DE-AT\">05-Dez-2021<\/span><\/u><\/em><\/span><\/h2>\n\n\n\n<h3><span lang=\"DE-AT\" style=\"color: #ffffff;\">20. Krampuslauf&nbsp; der Strasswalchner Krampusse (SBG)<\/span><\/h3>\n\n\n\n<h2><span style=\"color: #800000;\"><em><u><span lang=\"DE-AT\">06-Dez-2021<\/span><\/u><\/em><\/span><\/h2>\n\n\n\n<h3><span style=\"color: #ffffff;\">Traditionelle Hausbesuche mit Nikolaus &amp; Krampus<\/span><\/h3>\n\n\n\n<h2><span style=\"color: #800000;\"><em><u><span lang=\"DE-AT\">11-Dez-2021<\/span><\/u><\/em><\/span><\/h2>\n\n\n\n<h3><span style=\"color: #ffffff;\">Krampuslauf Ampflwang (Brecher)<\/span><\/h3>\n\n\n\n<h3>&nbsp;<\/h3>\n\n\n\n<h2>Termine 2019\/20<\/h2>\n\n\n\n<h2><span style=\"color: #800000;\"><em><u><span lang=\"DE-AT\">18-J\u00e4n-2019<\/span><\/u><\/em><\/span><\/h2>\n\n\n\n<h3><span lang=\"DE-AT\" style=\"color: #808080;\">Interne Weihnachtsfeier der Waldzeller Woidteifln<\/span><\/h3>\n\n\n\n<h2><span style=\"color: #800000;\"><em><u><span lang=\"DE-AT\">23-Feb-2019<\/span><\/u><\/em><\/span><\/h2>\n\n\n\n<h3><span lang=\"DE-AT\" style=\"color: #808080;\">Sitzung f\u00fcr interessierte Mitglieder<\/span><\/h3>\n\n\n\n<h2><span style=\"color: #800000;\"><em><u><span lang=\"DE-AT\">23-Mar-2019<\/span><\/u><\/em><\/span><\/h2>\n\n\n\n<h3><span lang=\"DE-AT\" style=\"color: #808080;\">Jahreshauptversammlung der Waldzeller Woidteifln<\/span><\/h3>\n\n\n\n<h2><span style=\"color: #800000;\"><em><u><span lang=\"DE-AT\">12-Jul-2019<\/span><\/u><\/em><\/span><\/h2>\n\n\n\n<h3><span lang=\"DE-AT\" style=\"color: #808080;\">Vereinssitzung der Waldzeller Woidteifln<\/span><\/h3>\n\n\n\n<h2><span style=\"color: #800000;\"><em><u><span lang=\"DE-AT\">12-Okt-2019<\/span><\/u><\/em><\/span><\/h2>\n\n\n\n<h3><span lang=\"DE-AT\" style=\"color: #808080;\">Fotoshooting &amp; Showsitzung<\/span><\/h3>\n\n\n\n<h2><span style=\"color: #800000;\"><em><u><span lang=\"DE-AT\">16-Nov-2019<\/span><\/u><\/em><\/span><\/h2>\n\n\n\n<h3><span lang=\"DE-AT\" style=\"color: #808080;\">Showprobe &amp; Einstimmung auf die Saison<\/span><\/h3>\n\n\n\n<h2><span style=\"color: #800000;\"><em><u><span lang=\"DE-AT\">16-Nov-2019<\/span><\/u><\/em><\/span><\/h2>\n\n\n\n<h3><span lang=\"DE-AT\" style=\"color: #808080;\">Benefiz-Krampuskr\u00e4nzchen Waldzell<\/span><\/h3>\n\n\n\n<h2><span style=\"color: #800000;\"><em><u><span lang=\"DE-AT\">17-Nov-2019<\/span><\/u><\/em><\/span><\/h2>\n\n\n\n<h3><span lang=\"DE-AT\" style=\"color: #808080;\">Krampuslauf Puchheim bei den Auwald Schiachperchten&nbsp;<\/span><\/h3>\n\n\n\n<h2><span style=\"color: #800000;\"><em><u><span lang=\"DE-AT\">23-Nov-2019<\/span><\/u><\/em><\/span><\/h2>\n\n\n\n<h3><span lang=\"DE-AT\" style=\"color: #808080;\">Krampuslauf Zidlochovice (Tschechien)<\/span><\/h3>\n\n\n\n<h2><span style=\"color: #800000;\"><em><u><span lang=\"DE-AT\">29-Nov-2019<\/span><\/u><\/em><\/span><\/h2>\n\n\n\n<h3><span style=\"color: #808080;\"><span lang=\"DE-AT\">Nikolaus &amp; Krampus in Pramet (Feuerwehr<\/span><span lang=\"DE-AT\">)<\/span><\/span><\/h3>\n\n\n\n<h2><span style=\"color: #800000;\"><em><u><span lang=\"DE-AT\">29-Nov-2019<\/span><\/u><\/em><\/span><\/h2>\n\n\n\n<h3><span lang=\"DE-AT\" style=\"color: #808080;\">Krampusse zum Anfassen in Pfaffing (Feuerwehr)<\/span><\/h3>\n\n\n\n<h2><span style=\"color: #800000;\"><em><u><span lang=\"DE-AT\">30-Nov-2019<\/span><\/u><\/em><\/span><\/h2>\n\n\n\n<h3><span lang=\"DE-AT\" style=\"color: #808080;\">4. Weberzeilen Krampus &amp; Perchtentreffen<\/span><\/h3>\n\n\n\n<h2><span style=\"color: #800000;\"><em><u><span lang=\"DE-AT\">02-Dez-2019<\/span><\/u><\/em><\/span><\/h2>\n\n\n\n<h3><span lang=\"DE-AT\" style=\"color: #808080;\">Hausbesuche im Inn &amp; Hausruckviertel<\/span><\/h3>\n\n\n\n<h2><span style=\"color: #800000;\"><em><u><span lang=\"DE-AT\">04-Dez-2019<\/span><\/u><\/em><\/span><\/h2>\n\n\n\n<h3><span lang=\"DE-AT\" style=\"color: #808080;\">Hausbesuche im Inn &amp; Hausruckviertel<\/span><\/h3>\n\n\n\n<h2><span style=\"color: #800000;\"><em><u><span lang=\"DE-AT\">05-Dez-2019<\/span><\/u><\/em><\/span><\/h2>\n\n\n\n<h3><span lang=\"DE-AT\" style=\"color: #808080;\">Krampuslauf Stra\u00dfwalchen<\/span><\/h3>\n\n\n\n<h2><span style=\"color: #800000;\"><em><u><span lang=\"DE-AT\">05<\/span><\/u><\/em><\/span><span style=\"color: #800000;\"><em><u><span lang=\"DE-AT\">-Dez-2019<\/span><\/u><\/em><\/span><\/h2>\n\n\n\n<h3><span lang=\"DE-AT\" style=\"color: #808080;\">Zu Besuch in der FH wels<\/span><\/h3>\n\n\n\n<h2><span style=\"color: #800000;\"><em><u><span lang=\"DE-AT\">06-Dez-2019<\/span><\/u><\/em><\/span><\/h2>\n\n\n\n<h3><span lang=\"DE-AT\" style=\"color: #808080;\">Nikolaus &amp; Krampus in der Weberzeile Ried<\/span><\/h3>\n\n\n\n<h2><span style=\"color: #800000;\"><em><u><span lang=\"DE-AT\">06-Dez-2019<\/span><\/u><\/em><\/span><\/h2>\n\n\n\n<h3><span lang=\"DE-AT\" style=\"color: #808080;\">10. Jahresjubil\u00e4umslauf Neukirchen an der V\u00f6ckla<\/span><\/h3>\n\n\n\n<h2><span style=\"color: #800000;\"><em><u><span lang=\"DE-AT\">07-Dez-2019<\/span><\/u><\/em><\/span><\/h2>\n\n\n\n<h3><span lang=\"DE-AT\" style=\"color: #808080;\">Krampuslauf Reichraming bei den Reichraminger Hintergebirgsteufeln<\/span><\/h3>\n\n\n\n<h2><span style=\"color: #800000;\"><em><u><span lang=\"DE-AT\">13-Dez-2019<\/span><\/u><\/em><\/span><\/h2>\n\n\n\n<h3><span lang=\"DE-AT\" style=\"color: #808080;\">Krampuslauf Enzenkirchen \/ Zu Gast bei den Sauwald Teufeln<\/span><\/h3>\n\n\n\n<h2><span style=\"color: #800000;\"><em><u><span lang=\"DE-AT\">14-Dez-2019<\/span><\/u><\/em><\/span><\/h2>\n\n\n\n<h3><span lang=\"DE-AT\" style=\"color: #808080;\">Krampuslauf Ampflwang mit Gastgruppen (Brecher)<\/span><\/h3>\n\n\n\n<h2><span style=\"color: #800000;\"><em><u><span lang=\"DE-AT\">30-Dez-2019<\/span><\/u><\/em><\/span><\/h2>\n\n\n\n<h3><span lang=\"DE-AT\" style=\"color: #808080;\">Perchtenlauf Lung\u00f6tz (Salzburg)<\/span><\/h3>\n\n\n\n<h2><span style=\"color: #800000;\"><em><u><span lang=\"DE-AT\">05-J\u00e4n-2020<\/span><\/u><\/em><\/span><\/h2>\n\n\n\n<h3><span lang=\"DE-AT\" style=\"color: #808080;\">Zu Gast bei den Steyertaler Perchten in Steinbach an der Steyr<\/span><\/h3>\n","protected":false},"excerpt":{"rendered":"<p>M\u00e4rz-2021 Generalversammlung&nbsp; inkl. Vorstandswahlen 27-Nov-2021 Krampusse zum Anfassen in PFAFFING (O\u00d6) 03-Dez-2021 10. Krampuslauf in Neukirchen a.d.V\u00f6ckla (O\u00d6) 04-Dez-2021 Nikolaus &amp; Krampus im Einkaufszentrum WEBERZEILE 05-Dez-2021 20. Krampuslauf&nbsp; der Strasswalchner Krampusse (SBG) 06-Dez-2021 Traditionelle Hausbesuche mit Nikolaus &amp; Krampus 11-Dez-2021 Krampuslauf Ampflwang (Brecher) &nbsp; Termine 2019\/20 18-J\u00e4n-2019 Interne Weihnachtsfeier der Waldzeller Woidteifln 23-Feb-2019 Sitzung f\u00fcr [&hellip;]<\/p>\n","protected":false},"author":1,"featured_media":0,"parent":0,"menu_order":0,"comment_status":"closed","ping_status":"closed","template":"page-templates\/full-width.php","meta":[],"_links":{"self":[{"href":"http:\/\/www.woidteifln.at\/wordpress\/wp-json\/wp\/v2\/pages\/27"}],"collection":[{"href":"http:\/\/www.woidteifln.at\/wordpress\/wp-json\/wp\/v2\/pages"}],"about":[{"href":"http:\/\/www.woidteifln.at\/wordpress\/wp-json\/wp\/v2\/types\/page"}],"author":[{"embeddable":true,"href":"http:\/\/www.woidteifln.at\/wordpress\/wp-json\/wp\/v2\/users\/1"}],"replies":[{"embeddable":true,"href":"http:\/\/www.woidteifln.at\/wordpress\/wp-json\/wp\/v2\/comments?post=27"}],"version-history":[{"count":146,"href":"http:\/\/www.woidteifln.at\/wordpress\/wp-json\/wp\/v2\/pages\/27\/revisions"}],"predecessor-version":[{"id":1143,"href":"http:\/\/www.woidteifln.at\/wordpress\/wp-json\/wp\/v2\/pages\/27\/revisions\/1143"}],"wp:attachment":[{"href":"http:\/\/www.woidteifln.at\/wordpress\/wp-json\/wp\/v2\/media?parent=27"}],"curies":[{"name":"wp","href":"https:\/\/api.w.org\/{rel}","templated":true}]}}

<h2><span style="color: #800000;"><em><u><span lang="DE-AT">März-2021</span></u></em></span></h2>



<h3><span lang="DE-AT" style="color: #ffffff;">Generalversammlung&nbsp; inkl. Vorstandswahlen</span></h3>



<h2><span style="color: #800000;"><em><u><span lang="DE-AT">27-Nov-2021</span></u></em></span></h2>



<h3><span lang="DE-AT" style="color: #ffffff;">Krampusse zum Anfassen in PFAFFING (OÖ)</span></h3>



<h2><span style="color: #800000;"><em><u><span lang="DE-AT">03-Dez-2021</span></u></em></span></h2>



<h3><span lang="DE-AT" style="color: #ffffff;">10. Krampuslauf in Neukirchen a.d.Vöckla (OÖ)</span></h3>



<h2><span style="color: #800000;"><em><u><span lang="DE-AT">04-Dez-2021</span></u></em></span></h2>



<h3><span lang="DE-AT" style="color: #ffffff;">Nikolaus &amp; Krampus im Einkaufszentrum WEBERZEILE</span></h3>



<h2><span style="color: #800000;"><em><u><span lang="DE-AT">05-Dez-2021</span></u></em></span></h2>



<h3><span lang="DE-AT" style="color: #ffffff;">20. Krampuslauf&nbsp; der Strasswalchner Krampusse (SBG)</span></h3>



<h2><span style="color: #800000;"><em><u><span lang="DE-AT">06-Dez-2021</span></u></em></span></h2>



<h3><span style="color: #ffffff;">Traditionelle Hausbesuche mit Nikolaus &amp; Krampus</span></h3>



<h2><span style="color: #800000;"><em><u><span lang="DE-AT">11-Dez-2021</span></u></em></span></h2>



<h3><span style="color: #ffffff;">Krampuslauf Ampflwang (Brecher)</span></h3>



<h3>&nbsp;</h3>



<h2>Termine 2019/20</h2>



<h2><span style="color: #800000;"><em><u><span lang="DE-AT">18-Jän-2019</span></u></em></span></h2>



<h3><span lang="DE-AT" style="color: #808080;">Interne Weihnachtsfeier der Waldzeller Woidteifln</span></h3>



<h2><span style="color: #800000;"><em><u><span lang="DE-AT">23-Feb-2019</span></u></em></span></h2>



<h3><span lang="DE-AT" style="color: #808080;">Sitzung für interessierte Mitglieder</span></h3>



<h2><span style="color: #800000;"><em><u><span lang="DE-AT">23-Mar-2019</span></u></em></span></h2>



<h3><span lang="DE-AT" style="color: #808080;">Jahreshauptversammlung der Waldzeller Woidteifln</span></h3>



<h2><span style="color: #800000;"><em><u><span lang="DE-AT">12-Jul-2019</span></u></em></span></h2>



<h3><span lang="DE-AT" style="color: #808080;">Vereinssitzung der Waldzeller Woidteifln</span></h3>



<h2><span style="color: #800000;"><em><u><span lang="DE-AT">12-Okt-2019</span></u></em></span></h2>



<h3><span lang="DE-AT" style="color: #808080;">Fotoshooting &amp; Showsitzung</span></h3>



<h2><span style="color: #800000;"><em><u><span lang="DE-AT">16-Nov-2019</span></u></em></span></h2>



<h3><span lang="DE-AT" style="color: #808080;">Showprobe &amp; Einstimmung auf die Saison</span></h3>



<h2><span style="color: #800000;"><em><u><span lang="DE-AT">16-Nov-2019</span></u></em></span></h2>



<h3><span lang="DE-AT" style="color: #808080;">Benefiz-Krampuskränzchen Waldzell</span></h3>



<h2><span style="color: #800000;"><em><u><span lang="DE-AT">17-Nov-2019</span></u></em></span></h2>



<h3><span lang="DE-AT" style="color: #808080;">Krampuslauf Puchheim bei den Auwald Schiachperchten&nbsp;</span></h3>



<h2><span style="color: #800000;"><em><u><span lang="DE-AT">23-Nov-2019</span></u></em></span></h2>



<h3><span lang="DE-AT" style="color: #808080;">Krampuslauf Zidlochovice (Tschechien)</span></h3>



<h2><span style="color: #800000;"><em><u><span lang="DE-AT">29-Nov-2019</span></u></em></span></h2>



<h3><span style="color: #808080;"><span lang="DE-AT">Nikolaus &amp; Krampus in Pramet (Feuerwehr</span><span lang="DE-AT">)</span></span></h3>



<h2><span style="color: #800000;"><em><u><span lang="DE-AT">29-Nov-2019</span></u></em></span></h2>



<h3><span lang="DE-AT" style="color: #808080;">Krampusse zum Anfassen in Pfaffing (Feuerwehr)</span></h3>



<h2><span style="color: #800000;"><em><u><span lang="DE-AT">30-Nov-2019</span></u></em></span></h2>



<h3><span lang="DE-AT" style="color: #808080;">4. Weberzeilen Krampus &amp; Perchtentreffen</span></h3>



<h2><span style="color: #800000;"><em><u><span lang="DE-AT">02-Dez-2019</span></u></em></span></h2>



<h3><span lang="DE-AT" style="color: #808080;">Hausbesuche im Inn &amp; Hausruckviertel</span></h3>



<h2><span style="color: #800000;"><em><u><span lang="DE-AT">04-Dez-2019</span></u></em></span></h2>



<h3><span lang="DE-AT" style="color: #808080;">Hausbesuche im Inn &amp; Hausruckviertel</span></h3>



<h2><span style="color: #800000;"><em><u><span lang="DE-AT">05-Dez-2019</span></u></em></span></h2>



<h3><span lang="DE-AT" style="color: #808080;">Krampuslauf Straßwalchen</span></h3>



<h2><span style="color: #800000;"><em><u><span lang="DE-AT">05</span></u></em></span><span style="color: #800000;"><em><u><span lang="DE-AT">-Dez-2019</span></u></em></span></h2>



<h3><span lang="DE-AT" style="color: #808080;">Zu Besuch in der FH wels</span></h3>



<h2><span style="color: #800000;"><em><u><span lang="DE-AT">06-Dez-2019</span></u></em></span></h2>



<h3><span lang="DE-AT" style="color: #808080;">Nikolaus &amp; Krampus in der Weberzeile Ried</span></h3>



<h2><span style="color: #800000;"><em><u><span lang="DE-AT">06-Dez-2019</span></u></em></span></h2>



<h3><span lang="DE-AT" style="color: #808080;">10. Jahresjubiläumslauf Neukirchen an der Vöckla</span></h3>



<h2><span style="color: #800000;"><em><u><span lang="DE-AT">07-Dez-2019</span></u></em></span></h2>



<h3><span lang="DE-AT" style="color: #808080;">Krampuslauf Reichraming bei den Reichraminger Hintergebirgsteufeln</span></h3>



<h2><span style="color: #800000;"><em><u><span lang="DE-AT">13-Dez-2019</span></u></em></span></h2>



<h3><span lang="DE-AT" style="color: #808080;">Krampuslauf Enzenkirchen / Zu Gast bei den Sauwald Teufeln</span></h3>



<h2><span style="color: #800000;"><em><u><span lang="DE-AT">14-Dez-2019</span></u></em></span></h2>



<h3><span lang="DE-AT" style="color: #808080;">Krampuslauf Ampflwang mit Gastgruppen (Brecher)</span></h3>



<h2><span style="color: #800000;"><em><u><span lang="DE-AT">30-Dez-2019</span></u></em></span></h2>



<h3><span lang="DE-AT" style="color: #808080;">Perchtenlauf Lungötz (Salzburg)</span></h3>



<h2><span style="color: #800000;"><em><u><span lang="DE-AT">05-Jän-2020</span></u></em></span></h2>



<h3><span lang="DE-AT" style="color: #808080;">Zu Gast bei den Steyertaler Perchten in Steinbach an der Steyr</span></h3>

<p>März-2021 Generalversammlung&nbsp; inkl. Vorstandswahlen 27-Nov-2021 Krampusse zum Anfassen in PFAFFING (OÖ) 03-Dez-2021 10. Krampuslauf in Neukirchen a.d.Vöckla (OÖ) 04-Dez-2021 Nikolaus &amp; Krampus im Einkaufszentrum WEBERZEILE 05-Dez-2021 20. Krampuslauf&nbsp; der Strasswalchner Krampusse (SBG) 06-Dez-2021 Traditionelle Hausbesuche mit Nikolaus &amp; Krampus 11-Dez-2021 Krampuslauf Ampflwang (Brecher) &nbsp; Termine 2019/20 18-Jän-2019 Interne Weihnachtsfeier der Waldzeller Woidteifln 23-Feb-2019 Sitzung für [&hellip;]</p>
